{"id":657,"date":"2025-02-04T13:37:34","date_gmt":"2025-02-04T13:37:34","guid":{"rendered":"http:\/\/localhost:8888\/Jufka\/?post_type=product&#038;p=657"},"modified":"2025-02-04T22:49:39","modified_gmt":"2025-02-04T22:49:39","slug":"lisnato-testo","status":"publish","type":"product","link":"https:\/\/jufka.rs\/index.php\/product\/lisnato-testo\/","title":{"rendered":"Lisnato testo"},"content":{"rendered":"<p>Budite majstor u kuhinji! Iskoristite na\u0161e fino, mekano lisnato testo koje je idealna podloga za Va\u0161a slana i slatka peciva. Poka\u017eite svoje ume\u0107e!<\/p>\n","protected":false},"excerpt":{"rendered":"<p>Bra\u0161no, so, margarin, kvasac, \u0161e\u0107er, ulje.<\/p>\n","protected":false},"featured_media":658,"comment_status":"open","ping_status":"closed","template":"","meta":[],"product_brand":[],"product_cat":[34],"product_tag":[],"class_list":{"0":"post-657","1":"product","2":"type-product","3":"status-publish","4":"has-post-thumbnail","6":"product_cat-smrznuta-rucno-radena-domaca-testa","8":"first","9":"instock","10":"shipping-taxable","11":"product-type-simple"},"_links":{"self":[{"href":"https:\/\/jufka.rs\/index.php\/wp-json\/wp\/v2\/product\/657","targetHints":{"allow":["GET"]}}],"collection":[{"href":"https:\/\/jufka.rs\/index.php\/wp-json\/wp\/v2\/product"}],"about":[{"href":"https:\/\/jufka.rs\/index.php\/wp-json\/wp\/v2\/types\/product"}],"replies":[{"embeddable":true,"href":"https:\/\/jufka.rs\/index.php\/wp-json\/wp\/v2\/comments?post=657"}],"wp:featuredmedia":[{"embeddable":true,"href":"https:\/\/jufka.rs\/index.php\/wp-json\/wp\/v2\/media\/658"}],"wp:attachment":[{"href":"https:\/\/jufka.rs\/index.php\/wp-json\/wp\/v2\/media?parent=657"}],"wp:term":[{"taxonomy":"product_brand","embeddable":true,"href":"https:\/\/jufka.rs\/index.php\/wp-json\/wp\/v2\/product_brand?post=657"},{"taxonomy":"product_cat","embeddable":true,"href":"https:\/\/jufka.rs\/index.php\/wp-json\/wp\/v2\/product_cat?post=657"},{"taxonomy":"product_tag","embeddable":true,"href":"https:\/\/jufka.rs\/index.php\/wp-json\/wp\/v2\/product_tag?post=657"}],"curies":[{"name":"wp","href":"https:\/\/api.w.org\/{rel}","templated":true}]}}