{"id":667,"date":"2025-02-04T13:51:55","date_gmt":"2025-02-04T13:51:55","guid":{"rendered":"http:\/\/localhost:8888\/Jufka\/?post_type=product&#038;p=667"},"modified":"2025-02-05T07:43:08","modified_gmt":"2025-02-05T07:43:08","slug":"boranija","status":"publish","type":"product","link":"https:\/\/jufka.rs\/index.php\/product\/boranija\/","title":{"rendered":"Boranija"},"content":{"rendered":"<p>Povr\u0107e popularno u celom svetu, poznato je po svojim lekovitim sastojcima, ali i mno\u0161tvu mogu\u0107nosti pripreme: kuvana boranija ili pr\u017eena, dodatak ili glavno jelo. Koji je Va\u0161 recept?<\/p>\n","protected":false},"excerpt":{"rendered":"<p>Boranija<\/p>\n","protected":false},"featured_media":668,"comment_status":"open","ping_status":"closed","template":"","meta":[],"product_brand":[],"product_cat":[35],"product_tag":[],"class_list":{"0":"post-667","1":"product","2":"type-product","3":"status-publish","4":"has-post-thumbnail","6":"product_cat-smrznuto-povrce-i-voce","8":"first","9":"instock","10":"shipping-taxable","11":"product-type-simple"},"_links":{"self":[{"href":"https:\/\/jufka.rs\/index.php\/wp-json\/wp\/v2\/product\/667","targetHints":{"allow":["GET"]}}],"collection":[{"href":"https:\/\/jufka.rs\/index.php\/wp-json\/wp\/v2\/product"}],"about":[{"href":"https:\/\/jufka.rs\/index.php\/wp-json\/wp\/v2\/types\/product"}],"replies":[{"embeddable":true,"href":"https:\/\/jufka.rs\/index.php\/wp-json\/wp\/v2\/comments?post=667"}],"wp:featuredmedia":[{"embeddable":true,"href":"https:\/\/jufka.rs\/index.php\/wp-json\/wp\/v2\/media\/668"}],"wp:attachment":[{"href":"https:\/\/jufka.rs\/index.php\/wp-json\/wp\/v2\/media?parent=667"}],"wp:term":[{"taxonomy":"product_brand","embeddable":true,"href":"https:\/\/jufka.rs\/index.php\/wp-json\/wp\/v2\/product_brand?post=667"},{"taxonomy":"product_cat","embeddable":true,"href":"https:\/\/jufka.rs\/index.php\/wp-json\/wp\/v2\/product_cat?post=667"},{"taxonomy":"product_tag","embeddable":true,"href":"https:\/\/jufka.rs\/index.php\/wp-json\/wp\/v2\/product_tag?post=667"}],"curies":[{"name":"wp","href":"https:\/\/api.w.org\/{rel}","templated":true}]}}